 the remainder when 210941035 is divided by 14?
11
Calculate the remainder when 49767759 is divided by 560.
559
What is the remainder when 138334 is divided by 294?
154
Calculate the remainder when 5991794 is divided by 4.
2
Calculate the remainder when 204644 is divided by 3593.
3436
Calculate the remainder when 137527 is divided by 31.
11
Calculate the remainder when 2114384 is divided by 30186.
1364
Calculate the remainder when 1521 is divided by 847.
674
Calculate the remainder when 6883867 is divided by 2294622.
1
Calculate the remainder when 4516918 is divided by 180.
178
Calculate the remainder when 48130 is divided by 43197.
4933
Calculate the remainder when 1260674 is divided by 8.
2
What is the remainder when 1802501 is divided by 1030?
1
What is the remainder when 4482291 is divided by 1221?
0
What is the remainder when 5568751 is divided by 192022?
113
Calculate the remainder when 5763728 is divided by 80.
48
Calculate the remainder when 365713455 is divided by 12772.
7
Calculate the remainder when 92208785 is divided by 49.
46
What is the remainder when 262201 is divided by 11415?
11071
What is the remainder when 32697446 is divided by 14?
12
Calculate the remainder when 68808 is divided by 611.
376
What is the remainder when 5825604 is divided by 480?
324
What is the remainder when 464447 is divided by 1327?
1324
What is the remainder when 18976 is divided by 825?
1
What is the remainder when 10792773 is divided by 668?
565
Calculate the remainder when 2679682 is divided by 161.
159
What is the remainder when 9252 is divided by 8885?
367
What is the remainder when 3369658 is divided by 472?
50
Calculate the remainder when 1033076 is divided by 433.
371
Calculate the remainder when 1733430 is divided by 133340.
10
What is the remainder when 380798 is divided by 1963?
1939
What is the remainder when 190910651 is divided by 1629?
1625
What is the remainder when 561487 is divided by 1150?
287
What is the remainder when 90651775 is divided by 2368?
2367
What is the remainder when 22966567 is divided by 117?
52
What is the remainder when 7903541 is divided by 987941?
13
What is the remainder when 139180 is divided by 1079?
1068
Calculate the remainder when 463869 is divided by 77041.
1623
What is the remainder when 3820954 is divided by 334?
328
Calculate the remainder when 1120598 is divided by 574.
150
What is the remainder when 6464845 is divided by 42?
37
Calculate the remainder when 981774 is divided by 1429.
51
Calculate the remainder when 49332 is divided by 12099.
936
Calculate the remainder when 22566660 is divided by 2820832.
4
Calculate the remainder when 201921 is divided by 798.
27
Calculate the remainder when 12110 is divided by 2765.
1050
Calculate the remainder when 129461 is divided by 360.
221
Calculate the remainder when 75431946 is divided by 18.
12
Calculate the remainder when 8913717 is divided by 469132.
209
What is the remainder when 24757436 is divided by 240?
236
What is the remainder when 4661739 is divided by 8037?
279
Calculate the remainder when 2389205 is divided by 33.
5
Calculate the remainder when 33863 is divided by 2790.
383
What is the remainder when 18401619 is divided by 9?
3
Calculate the remainder when 32170 is divided by 15868.
434
Calculate the remainder when 3193342 is divided by 96.
94
Calculate the remainder when 14837779 is divided by 59.
46
What is the remainder when 392894 is divided by 81?
44
What is the remainder when 810685 is divided by 18003?
550
What is the remainder when 9006415 is divided by 5475?
40
Calculate the remainder when 536793453 is divided by 132.
9
Calculate the remainder when 139339 is divided by 617.
514
What is the remainder when 746965 is divided by 248962?
79
What is the remainder when 328908 is divided by 20556?
12
What is the remainder when 1581140 is divided by 395278?
28
What is the remainder when 293152 is divided by 69?
40
What is the remainder when 3005862 is divided by 3475?
3462
What is the remainder when 9893 is divided by 392?
93
What is the remainder when 55922236 is divided by 880?
876
Calculate the remainder when 2771192 is divided by 486.
20
What is the remainder when 29393951 is divided by 1992?
1991
What is the remainder when 215386 is divided by 215320?
66
What is the remainder when 7382804 is divided by 4838?
16
What is the remainder when 3004592 is divided by 2878?
2838
Calculate the remainder when 70540681 is divided by 103.
101
Calculate the remainder when 34769756 is divided by 32.
28
What is the remainder when 7383064 is divided by 149?
114
Calculate the remainder when 65536 is divided by 20388.
4372
What is the remainder when 5436684 is divided by 101?
56
What is the remainder when 13959 is divided by 6973?
13
What is the remainder when 1686 is divided by 1395?
291
Calculate the remainder when 146558 is divided by 65.
48
What is the remainder when 4438493 is divided by 62?
37
What is the remainder when 98441232 is divided by 466546?
26
What is the remainder when 3847555 is divided by 142502?
1
Calculate the remainder when 301307 is divided by 44.
39
Calculate the remainder when 161873 is divided by 160660.
1213
What is the remainder when 2679483 is divided by 112?
107
Calculate the remainder when 211616 is divided by 6045.
41
Calculate the remainder when 3637926 is divided by 254.
138
Calculate the remainder when 14063988 is divided by 15592.
4
Calculate the remainder when 242463 is divided by 918.
111
What is the remainder when 1951078 is divided by 1832?
1830
Calculate the remainder when 73983 is divided by 180.
3
What is the remainder when 262748 is divided by 1321?
1190
Calculate the remainder when 9745574 is divided by 6966.
140
What is the remainder when 173886 is divided by 57954?
24
Calculate the remainder when 25496559 is divided by 257541.
0
What is the remainder when 94082 is divided by 46850?
382
Calculate the remainder when 19469683 is divided by 1789.
1785
What is the remainder when 1059294 is divided by 173?
15
What is the remainder when 4887124 is divided by 165?
154
What is the remainder when 221249409 is divided by 670?
669
Calculate the remainder when 118071519 is divided by 369.
6
What is the remainder when 40098687 is divided by 10024633?
155
Calculate the remainder when 16589033 is divided by 104.
97
Calculate the remainder when 229323 is divided by 1274.
3
What is the remainder when 657943419 is divided by 4?
3
Calculate the remainder when 524509 is divided by 317.
191
Calculate the remainder when 57801 is divided by 2306.
151
What is the remainder when 449068 is divided by 149582?
322
Calculate the remainder when 47787 is divided by 10574.
5491
Calculate the remainder when 5773166 is divided by 1249.
288
What is the remainder when 2501954 is divided by 64152?
26
Calculate the remainder when 108567 is divided by 27032.
439
What is the remainder when 4117528 is divided by 49?
9
Calculate the remainder when 21333 is divided by 712.
685
Calculate the remainder when 8106471 is divided by 4053221.
29
What is the remainder when 9798325 is divided by 641?
640
What is the remainder when 64058125 is divided by 21352705?
10
Calculate the remainder when 1424458 is divided by 1831.
1771
Calculate the remainder when 925064 is divided by 158.
132
What is the remainder when 653834 is divided by 8361?
1676
Calculate the remainder when 45005481 is divided by 15001820.
21
Calculate the remainder when 77392615 is divided by 5099.
5092
What is the remainder when 102276 is divided by 34082?
30
Calculate the remainder when 6252 is divided by 2027.
171
What is the remainder when 354183 is divided by 176176?
1831
Calculate the remainder when 5761921 is divided by 39.
22
Calculate the remainder when 18153 is divided by 1997.
180
What is the remainder when 3405444 is divided by 1911?
42
Calculate the remainder when 61682776 is divided by 38.
36
Calculate the remainder when 2342344 is divided by 693.
4
Calculate the remainder when 446147 is divided by 111478.
235
What is the remainder when 50936 is divided by 25239?
458
What is the remainder when 8440927 is divided by 3937?
3936
What is the remainder when 43485 is divided by 5065?
2965
What is the remainder when 222196 is divided by 70?
16
What is the remainder when 265216 is divided by 1